{"id":8677,"date":"2020-02-02T18:36:27","date_gmt":"2020-02-02T17:36:27","guid":{"rendered":"https:\/\/www.openandhome.de\/?post_type=product&#038;p=8677"},"modified":"2025-12-11T15:32:52","modified_gmt":"2025-12-11T14:32:52","slug":"premium-openandhome-sensorbox","status":"publish","type":"product","link":"https:\/\/openandhome.de\/index.php\/produkt\/premium-openandhome-sensorbox\/","title":{"rendered":"Sensorbox ohne F\u00fchler Wlan\/Wifi MQTT Smarthomef\u00e4hig &#8211; Sie k\u00f6nnen beliebige F\u00fchler w\u00e4hlen"},"content":{"rendered":"<div>\n<div>\n<div>\n<div>\n<div>\n<table align=\"center\">\n<tbody>\n<tr>\n<td>\n<div>\n<div>\n<div>\n<div>\n<div>\n<p><b>Ausf\u00fchrungsvariante:<\/b><\/p>\n<div>Dies ist nur die Anschlussbox in der Gr\u00f6\u00dfe <b>132.2mm*68.7mm*50.1mm<\/b><\/div>\n<div><\/div>\n<ul>\n<li>Sie ben\u00f6tigen zu dieser Box noch F\u00fchler<\/li>\n<li>Die F\u00fchler k\u00f6nnen Sie beliebig in unserem Shop w\u00e4hlen<\/li>\n<li>Sie k\u00f6nnen die Kabell\u00e4ngen beliebig konfigurieren<\/li>\n<li>An eine Box k\u00f6nnen bis zu 4 F\u00fchler montiert werden<\/li>\n<li>Sie k\u00f6nnen die Box mit einem <a href=\"https:\/\/www.openandhome.de\/index.php\/produkt\/infodisplay\/\">Display erg\u00e4nzen<\/a><\/li>\n<li>Die F\u00fchler werden dann durch uns in der Box montiert, qualit\u00e4tsgesichert und getestet<\/li>\n<li>F\u00fcr die Fertigung und Tests ben\u00f6tigen wir bis zu 5 Arbeitstage<\/li>\n<li>Ein Netzteil wird nicht mitgeliefert.\u00a0 Sie ben\u00f6tigen ein Netzteil mit USB-Anschluss und 5 Volt DC (mind. 500mA).<\/li>\n<\/ul>\n<div>1 Sensorbox mit bis zu 4 Temperaturf\u00fchlern.<\/div>\n<div>Sie k\u00f6nnen 1-4 Temperaturen mit einer Box messen.<\/div>\n<\/div>\n<\/div>\n<\/div>\n<\/div>\n<\/div>\n<\/td>\n<\/tr>\n<\/tbody>\n<\/table>\n<\/div>\n<\/div>\n<\/div>\n<\/div>\n<\/div>\n<div>\n<p><strong>Sensorbox mit WLAN:<\/strong><\/p>\n<ul>\n<li>In Deutschland montiert<\/li>\n<li>In Deutschland qualit\u00e4tsgesichert<\/li>\n<li>Mit deutscher Installationsanleitung<\/li>\n<li>Mit deutschem Support<\/li>\n<li>Keine Daten\u00fcbertragung aus Ihrem Netz<\/li>\n<li>Mit Quelloffener Software (<a href=\"https:\/\/letscontrolit.com\/wiki\/index.php\/ESPEasy\">ESPEasy<\/a>)<\/li>\n<li>Mit Unterst\u00fctzung f\u00fcr MQTT<\/li>\n<li>Mit Unterst\u00fctzung f\u00fcr Alexa<\/li>\n<li>Vorbereitet f\u00fcr die Einbindung in SmartHome-Systemen wie\n<ul>\n<li><a href=\"https:\/\/de.wikipedia.org\/wiki\/OpenHAB\">OpenHAB<\/a><\/li>\n<li><a href=\"https:\/\/de.wikipedia.org\/wiki\/FHEM\">FHEM<\/a><\/li>\n<li><a href=\"https:\/\/www.domoticz.com\/wiki\/About_Domoticz\">Domoticz<\/a><\/li>\n<li><a href=\"https:\/\/de.wikipedia.org\/wiki\/Node-RED\">Node Red<\/a><\/li>\n<li><a href=\"https:\/\/de.wikipedia.org\/wiki\/IoBroker\">IoBroker<\/a><\/li>\n<li><a href=\"https:\/\/www.home-assistant.io\/\">Homeassistant<\/a><\/li>\n<\/ul>\n<\/li>\n<\/ul>\n<p><strong>Funktionsbeschreibung:<\/strong><\/p>\n<p>An die Sensorbox k\u00f6nnen bis 4 F\u00fchler montiert werden. Das Ger\u00e4t wird \u00fcber ein USB Kabel mit Strom versorgt. Ein Netzteil wird <strong>nicht<\/strong> mitgeliefert.\u00a0 Sie ben\u00f6tigen ein Netzteil mit USB-Anschluss und 5 Volt DC (mind. 500mA). Mittels einer integrierten Wifi Antenne k\u00f6nnen die Sensorwerte \u00fcber ein geeignetes Smartphone direkt (kurze Reichweite) oder in einem vorhandenen WLAN Netz \u00fcber ein Smartphone eingesehen werden.<\/p>\n<p><strong>Anwendungsbereich:<\/strong><\/p>\n<p>Die Sensorbox ist mit einem Geh\u00e4use gegen Feuchtigkeit gesch\u00fctzt und ist daher f\u00fcr den Einsatz im Innen- und gesch\u00fctztem Au\u00dfenbereich hervorragend geeignet. Sowohl im privaten als auch industriellen Bereich. Sie k\u00f6nnen Temperaturen von -10\u202685\u00b0C jederzeit ermitteln. Es gibt sehr viele Anwendungsbereiche, die Sie in Ihren WLAN Bereich nutzen k\u00f6nnen, hier nur eine kleine Auswahl:<\/p>\n<ul>\n<li>Pooltemperatur<\/li>\n<li>K\u00fchlschranktemperatur<\/li>\n<li>Heizungstemperatur wie Vorlauf- oder R\u00fcckl\u00e4ufe<\/li>\n<li>Boilertemperatur<\/li>\n<li>Gew\u00e4chsh\u00e4user<\/li>\n<li>Wassertemperatur im Schwimmbad oder Gartenteich<\/li>\n<li>Solaranlage<\/li>\n<li>Au\u00dfentemperatur<\/li>\n<li>Zimmertemperatur<\/li>\n<li>Saunatemperatur<\/li>\n<li>Gefrieranlage<\/li>\n<li>Lagertemperatur<\/li>\n<li>\u00dcberwachung von Sch\u00fcttg\u00fctern wie Getreide, Kartoffeln etc.<\/li>\n<li>uvm.<\/li>\n<\/ul>\n<p>&nbsp;<\/p>\n<p><strong>Eigenschaften:<\/strong><\/p>\n<ul>\n<li>f\u00fcr Temperaturen von \u2013 10\u00b0C bis 85\u00b0C<\/li>\n<li>feuchtigkeitsgesch\u00fctzt<\/li>\n<li>WLAN\/ Wifi (2,4GHZ, IPV4, WPA\/WPA2 PSK)<\/li>\n<\/ul>\n<p><strong>Technische Daten:<\/strong><\/p>\n<table width=\"605\" cellspacing=\"0\" cellpadding=\"4\">\n<colgroup>\n<col width=\"193\" \/>\n<col width=\"395\" \/> <\/colgroup>\n<tbody>\n<tr valign=\"top\">\n<td width=\"193\">Anschlussgeh\u00e4use<\/td>\n<td width=\"395\">Kunststoffgeh\u00e4use IP66, 132.2mm*68.7mm*50.1mm (lxbxh),Farbe Grau, klar mit eingebauter Leiterplatine, ausgezeichnet feuchtigkeitsbest\u00e4ndig und staubdicht, K\u00f6rper ABS V0, Cover PCV0, Edelstahlschrauben<\/td>\n<\/tr>\n<tr valign=\"top\">\n<td width=\"193\">Messumformer<\/td>\n<td width=\"395\">ESP8266, ESP12 WeMos D1 Mini WIFI NodeMcu Lua Development Board SMA Antenna 2.4G, WLAN\/ Wifi (2,4GHZ, IPV4, WPA\/WPA2 PSK) eingebaut in der Sensorbox<\/td>\n<\/tr>\n<tr valign=\"top\">\n<td width=\"193\">Gummit\u00fcllen<\/td>\n<td width=\"395\">M16\/ IP65, Ethylen-Propylen-Dien-Kautschuk (EPDM), Farbe Grau<\/td>\n<\/tr>\n<tr valign=\"top\">\n<td width=\"193\">Anschlusskabel<\/td>\n<td width=\"395\">Micro USB, ECB-DU4AWE2, 1 Meter, wei\u00df<\/td>\n<\/tr>\n<tr valign=\"top\">\n<td width=\"193\">Packliste:<\/td>\n<td width=\"395\">Messf\u00fchler mit Anschlussbox 1x Bedienungsanleitung in Deutsch mit Serviceadresse<\/td>\n<\/tr>\n<\/tbody>\n<\/table>\n<table width=\"100%\" cellspacing=\"0\" cellpadding=\"0\">\n<colgroup>\n<col width=\"0*\" \/>\n<col width=\"202*\" \/>\n<col width=\"34*\" \/>\n<col width=\"20*\" \/> <\/colgroup>\n<tbody>\n<tr>\n<td width=\"0%\"><\/td>\n<td width=\"79%\"><strong>Sicherheitshinweise:<\/strong><\/p>\n<ul>\n<li>Die Sensorbox wurde mit einem stabilen Geh\u00e4use ausgestattet, gegen Schlag ist diese zu sch\u00fctzen<\/li>\n<li>Betreiben Sie die Sensorbox nur mit der vorgesehenen Schutzkleinspannung<\/li>\n<li>F\u00fcr Kinder ist dieser Temperatursensor nicht geeignet<\/li>\n<li>Ger\u00e4t nicht eigenm\u00e4chtig \u00f6ffnen<\/li>\n<li>F\u00fcr Sch\u00e4den jeglicher Art, die durch nicht sachgem\u00e4\u00dfen Umgang, Ver\u00e4nderung oder Nichtbeachtung dieser Bedienungsanleitung verursacht werden, \u00fcbernehmen wir keine Haftung!<\/li>\n<\/ul>\n<\/td>\n<td width=\"13%\"><\/td>\n<td width=\"8%\"><\/td>\n<\/tr>\n<tr>\n<td width=\"0%\"><\/td>\n<td width=\"79%\"><strong>Entsorgungshinweise:<\/strong><\/p>\n<ul>\n<li>Ger\u00e4t nicht im Hausm\u00fcll entsorgen!<\/li>\n<li>Altger\u00e4te k\u00f6nnen an uns zur\u00fcckgesendet werden, um Elektroschrott zu vermeiden und Rohstoffe zu schonen!<\/li>\n<\/ul>\n<\/td>\n<td width=\"13%\"><\/td>\n<td width=\"8%\"><\/td>\n<\/tr>\n<tr>\n<td width=\"0%\"><\/td>\n<td width=\"79%\">W<strong>eitere Informationen:<\/strong><\/p>\n<ul>\n<li>Fragen zum Produkt k\u00f6nnen Sie an uns richten: <strong>info@openandhome.de<\/strong><\/li>\n<\/ul>\n<\/td>\n<td width=\"13%\"><\/td>\n<td width=\"8%\"><\/td>\n<\/tr>\n<\/tbody>\n<\/table>\n<p class=\"western\" align=\"center\">\n<\/div>\n","protected":false},"excerpt":{"rendered":"<div>Dies ist nur die Anschlussbox in der Gr\u00f6\u00dfe <b>132.2mm*68.7mm*50.1mm<\/b><\/div>\n<div><\/div>\n<ul>\n<li>Sie ben\u00f6tigen zu dieser Box noch F\u00fchler<\/li>\n<li>Die F\u00fchler k\u00f6nnen Sie beliebig in unserem Shop w\u00e4hlen<\/li>\n<li>Sie k\u00f6nnen die Kabell\u00e4ngen beliebig konfigurieren<\/li>\n<li>An eine Box k\u00f6nnen bis zu 4 F\u00fchler montiert werden<\/li>\n<li>Sie k\u00f6nnen die Box mit einem <a href=\"https:\/\/www.openandhome.de\/index.php\/produkt\/infodisplay\/\">Display erg\u00e4nzen<\/a><\/li>\n<li>Die F\u00fchler werden dann durch uns in der Box montiert, qualit\u00e4tsgesichert und getestet<\/li>\n<li>F\u00fcr die Fertigung und Tests ben\u00f6tigen wir bis zu 5 Arbeitstage<\/li>\n<li>Ein Netzteil wird nicht mitgeliefert.\u00a0 Sie ben\u00f6tigen ein Netzteil mit USB-Anschluss und 5 Volt DC (mind. 500mA).<\/li>\n<\/ul>\n<div>1 Sensorbox mit bis zu 4 Temperaturf\u00fchlern.<\/div>\n<div>Sie k\u00f6nnen 1-4 Temperaturen mit einer Box messen.<\/div>\n","protected":false},"featured_media":8680,"template":"","meta":[],"product_brand":[],"product_cat":[17,21],"product_tag":[25,22,23],"class_list":{"0":"post-8677","1":"product","2":"type-product","3":"status-publish","4":"has-post-thumbnail","6":"product_cat-openandhome","7":"product_cat-sensorbox","8":"product_tag-sens","9":"product_tag-sensorbox","10":"product_tag-wifi","12":"first","13":"instock","14":"featured","15":"shipping-taxable","16":"purchasable","17":"product-type-simple"},"_links":{"self":[{"href":"https:\/\/openandhome.de\/index.php\/wp-json\/wp\/v2\/product\/8677","targetHints":{"allow":["GET"]}}],"collection":[{"href":"https:\/\/openandhome.de\/index.php\/wp-json\/wp\/v2\/product"}],"about":[{"href":"https:\/\/openandhome.de\/index.php\/wp-json\/wp\/v2\/types\/product"}],"wp:featuredmedia":[{"embeddable":true,"href":"https:\/\/openandhome.de\/index.php\/wp-json\/wp\/v2\/media\/8680"}],"wp:attachment":[{"href":"https:\/\/openandhome.de\/index.php\/wp-json\/wp\/v2\/media?parent=8677"}],"wp:term":[{"taxonomy":"product_brand","embeddable":true,"href":"https:\/\/openandhome.de\/index.php\/wp-json\/wp\/v2\/product_brand?post=8677"},{"taxonomy":"product_cat","embeddable":true,"href":"https:\/\/openandhome.de\/index.php\/wp-json\/wp\/v2\/product_cat?post=8677"},{"taxonomy":"product_tag","embeddable":true,"href":"https:\/\/openandhome.de\/index.php\/wp-json\/wp\/v2\/product_tag?post=8677"}],"curies":[{"name":"wp","href":"https:\/\/api.w.org\/{rel}","templated":true}]}}